[INFO] cloning repository https://github.com/BradLyman/glcookbook-rs
[INFO] running `Command { std: "git" "-c" "credential.helper=" "-c" "credential.helper=/workspace/cargo-home/bin/git-credential-null" "clone" "--bare" "https://github.com/BradLyman/glcookbook-rs" "/workspace/cache/git-repos/https%3A%2F%2Fgithub.com%2FBradLyman%2Fglcookbook-rs", kill_on_drop: false }`
[INFO] [stderr] Cloning into bare repository '/workspace/cache/git-repos/https%3A%2F%2Fgithub.com%2FBradLyman%2Fglcookbook-rs'...
[INFO] running `Command { std: "git" "rev-parse" "HEAD", kill_on_drop: false }`
[INFO] [stdout] 94166846971b9262e0a87726147cc979908b7964
[INFO] checking BradLyman/glcookbook-rs against master#af3c6e733a40e671550e0f0f5aeecaa13772ba56 for pr-74989
[INFO] running `Command { std: "git" "clone" "/workspace/cache/git-repos/https%3A%2F%2Fgithub.com%2FBradLyman%2Fglcookbook-rs" "/workspace/builds/worker-10/source", kill_on_drop: false }`
[INFO] [stderr] Cloning into '/workspace/builds/worker-10/source'...
[INFO] [stderr] done.
[INFO] validating manifest of git repo https://github.com/BradLyman/glcookbook-rs on toolchain af3c6e733a40e671550e0f0f5aeecaa13772ba56
[INFO] running `Command { std: "/workspace/cargo-home/bin/cargo" "+af3c6e733a40e671550e0f0f5aeecaa13772ba56" "read-manifest" "--manifest-path" "Cargo.toml", kill_on_drop: false }`
[INFO] started tweaking git repo https://github.com/BradLyman/glcookbook-rs
[INFO] finished tweaking git repo https://github.com/BradLyman/glcookbook-rs
[INFO] tweaked toml for git repo https://github.com/BradLyman/glcookbook-rs written to /workspace/builds/worker-10/source/Cargo.toml
[INFO] crate git repo https://github.com/BradLyman/glcookbook-rs already has a lockfile, it will not be regenerated
[INFO] running `Command { std: "/workspace/cargo-home/bin/cargo" "+af3c6e733a40e671550e0f0f5aeecaa13772ba56" "fetch" "--locked" "--manifest-path" "Cargo.toml", kill_on_drop: false }`
[INFO] [stderr]     Blocking waiting for file lock on package cache
[INFO] [stderr] error: the lock file /workspace/builds/worker-10/source/Cargo.lock needs to be updated but --locked was passed to prevent this
[INFO] [stderr] If you want to try to generate the lock file without accessing the network, use the --offline flag.
[INFO] the lockfile is outdated, regenerating it
[INFO] running `Command { std: "/workspace/cargo-home/bin/cargo" "+af3c6e733a40e671550e0f0f5aeecaa13772ba56" "generate-lockfile" "--manifest-path" "Cargo.toml" "-Zno-index-update", kill_on_drop: false }`
[INFO] running `Command { std: "/workspace/cargo-home/bin/cargo" "+af3c6e733a40e671550e0f0f5aeecaa13772ba56" "fetch" "--locked" "--manifest-path" "Cargo.toml", kill_on_drop: false }`
[INFO] running `Command { std: "docker" "create" "-v" "/var/lib/crater-agent-workspace/builds/worker-10/target:/opt/rustwide/target:rw,Z" "-v" "/var/lib/crater-agent-workspace/builds/worker-10/source:/opt/rustwide/workdir:ro,Z" "-v" "/var/lib/crater-agent-workspace/cargo-home:/opt/rustwide/cargo-home:ro,Z" "-v" "/var/lib/crater-agent-workspace/rustup-home:/opt/rustwide/rustup-home:ro,Z" "-e" "SOURCE_DIR=/opt/rustwide/workdir" "-e" "CARGO_TARGET_DIR=/opt/rustwide/target" "-e" "CARGO_HOME=/opt/rustwide/cargo-home" "-e" "RUSTUP_HOME=/opt/rustwide/rustup-home" "-w" "/opt/rustwide/workdir" "-m" "1610612736" "--user" "0:0" "--network" "none" "rustops/crates-build-env@sha256:d92eaeed33fa75130ca1ee6c8a01d1ffb62bac859dfdfb3450e3e5d1c0146529" "/opt/rustwide/cargo-home/bin/cargo" "+af3c6e733a40e671550e0f0f5aeecaa13772ba56" "metadata" "--no-deps" "--format-version=1", kill_on_drop: false }`
[INFO] [stdout] 141f9d91e0c542e91dda56f729b366722230caf7313c44ef55d7d9aca8a924fa
[INFO] [stderr] WARNING: Your kernel does not support swap limit capabilities or the cgroup is not mounted. Memory limited without swap.
[INFO] running `Command { std: "docker" "start" "-a" "141f9d91e0c542e91dda56f729b366722230caf7313c44ef55d7d9aca8a924fa", kill_on_drop: false }`
[INFO] running `Command { std: "docker" "inspect" "141f9d91e0c542e91dda56f729b366722230caf7313c44ef55d7d9aca8a924fa", kill_on_drop: false }`
[INFO] running `Command { std: "docker" "rm" "-f" "141f9d91e0c542e91dda56f729b366722230caf7313c44ef55d7d9aca8a924fa", kill_on_drop: false }`
[INFO] [stdout] 141f9d91e0c542e91dda56f729b366722230caf7313c44ef55d7d9aca8a924fa
[INFO] running `Command { std: "docker" "create" "-v" "/var/lib/crater-agent-workspace/builds/worker-10/target:/opt/rustwide/target:rw,Z" "-v" "/var/lib/crater-agent-workspace/builds/worker-10/source:/opt/rustwide/workdir:ro,Z" "-v" "/var/lib/crater-agent-workspace/cargo-home:/opt/rustwide/cargo-home:ro,Z" "-v" "/var/lib/crater-agent-workspace/rustup-home:/opt/rustwide/rustup-home:ro,Z" "-e" "SOURCE_DIR=/opt/rustwide/workdir" "-e" "CARGO_TARGET_DIR=/opt/rustwide/target" "-e" "CARGO_INCREMENTAL=0" "-e" "RUST_BACKTRACE=full" "-e" "RUSTFLAGS=--cap-lints=forbid" "-e" "CARGO_HOME=/opt/rustwide/cargo-home" "-e" "RUSTUP_HOME=/opt/rustwide/rustup-home" "-w" "/opt/rustwide/workdir" "-m" "1610612736" "--user" "0:0" "--network" "none" "rustops/crates-build-env@sha256:d92eaeed33fa75130ca1ee6c8a01d1ffb62bac859dfdfb3450e3e5d1c0146529" "/opt/rustwide/cargo-home/bin/cargo" "+af3c6e733a40e671550e0f0f5aeecaa13772ba56" "check" "--frozen" "--all" "--all-targets" "--message-format=json", kill_on_drop: false }`
[INFO] [stderr] WARNING: Your kernel does not support swap limit capabilities or the cgroup is not mounted. Memory limited without swap.
[INFO] [stdout] 77f4a10c62aad09f5e62793e5bb97c3e0b68739e14b164bc381ab692ee61fb59
[INFO] running `Command { std: "docker" "start" "-a" "77f4a10c62aad09f5e62793e5bb97c3e0b68739e14b164bc381ab692ee61fb59", kill_on_drop: false }`
[INFO] [stderr]    Compiling log v0.4.11
[INFO] [stderr]    Compiling xml-rs v0.8.3
[INFO] [stderr]    Compiling proc-macro2 v0.4.30
[INFO] [stderr]    Compiling khronos_api v3.1.0
[INFO] [stderr]    Compiling cfg-if v0.1.10
[INFO] [stderr]    Compiling byteorder v1.3.4
[INFO] [stderr]    Compiling nix v0.14.1
[INFO] [stderr]     Checking slab v0.4.2
[INFO] [stderr]     Checking void v1.0.2
[INFO] [stderr]    Compiling getrandom v0.1.15
[INFO] [stderr]     Checking downcast-rs v1.2.0
[INFO] [stderr]     Checking xdg v2.2.0
[INFO] [stderr]    Compiling typenum v1.12.0
[INFO] [stderr]     Checking percent-encoding v2.1.0
[INFO] [stderr]     Checking rawpointer v0.2.1
[INFO] [stderr]     Checking takeable-option v0.5.0
[INFO] [stderr]    Compiling num-complex v0.2.4
[INFO] [stderr]    Compiling num-bigint v0.3.0
[INFO] [stderr]    Compiling num-iter v0.1.41
[INFO] [stderr]    Compiling num-rational v0.3.0
[INFO] [stderr]    Compiling num-rational v0.2.4
[INFO] [stderr]    Compiling x11-dl v2.18.5
[INFO] [stderr]    Compiling libloading v0.5.2
[INFO] [stderr]    Compiling paste-impl v0.1.18
[INFO] [stderr]     Checking matrixmultiply v0.2.3
[INFO] [stderr]     Checking libloading v0.6.3
[INFO] [stderr]     Checking net2 v0.2.35
[INFO] [stderr]     Checking parking_lot_core v0.7.2
[INFO] [stderr]     Checking memmap v0.7.0
[INFO] [stderr]     Checking raw-window-handle v0.3.3
[INFO] [stderr]     Checking shared_library v0.1.9
[INFO] [stderr]     Checking dlib v0.4.2
[INFO] [stderr]     Checking approx v0.3.2
[INFO] [stderr]     Checking ordered-float v1.1.0
[INFO] [stderr]     Checking line_drawing v0.7.0
[INFO] [stderr]     Checking num-complex v0.3.0
[INFO] [stderr]     Checking backtrace v0.3.50
[INFO] [stderr]     Checking osmesa-sys v0.1.2
[INFO] [stderr]     Checking parking_lot v0.10.2
[INFO] [stderr]     Checking wayland-sys v0.23.6
[INFO] [stderr]     Checking rand_core v0.5.1
[INFO] [stderr]     Checking mio v0.6.22
[INFO] [stderr]    Compiling gl_generator v0.14.0
[INFO] [stderr]     Checking rand_chacha v0.2.2
[INFO] [stderr]     Checking stb_truetype v0.3.1
[INFO] [stderr]     Checking rand v0.7.3
[INFO] [stderr]    Compiling quote v0.6.13
[INFO] [stderr]     Checking paste v0.1.18
[INFO] [stderr]     Checking simba v0.2.0
[INFO] [stderr]     Checking rusttype v0.8.3
[INFO] [stderr]    Compiling wayland-scanner v0.23.6
[INFO] [stderr]     Checking mio-extras v2.0.6
[INFO] [stderr]     Checking generic-array v0.13.2
[INFO] [stderr]     Checking rusttype v0.7.9
[INFO] [stderr]    Compiling glutin_glx_sys v0.1.7
[INFO] [stderr]    Compiling glutin_egl_sys v0.1.5
[INFO] [stderr]    Compiling glium v0.27.0
[INFO] [stderr]     Checking andrew v0.2.1
[INFO] [stderr]     Checking rand_distr v0.2.2
[INFO] [stderr]     Checking nalgebra v0.22.0
[INFO] [stderr]     Checking num v0.3.0
[INFO] [stderr]    Compiling wayland-client v0.23.6
[INFO] [stderr]    Compiling wayland-protocols v0.23.6
[INFO] [stderr]     Checking calloop v0.4.4
[INFO] [stderr]     Checking wayland-commons v0.23.6
[INFO] [stderr]     Checking smithay-client-toolkit v0.6.6
[INFO] [stderr]     Checking winit v0.22.2
[INFO] [stderr]     Checking glutin v0.24.1
[INFO] [stderr]     Checking glCookbook v0.0.1 (/opt/rustwide/workdir)
[INFO] [stdout] error[E0432]: unresolved imports `glutin::Event`, `glutin::VirtualKeyCode`
[INFO] [stdout]   --> src/lib.rs:13:14
[INFO] [stdout]    |
[INFO] [stdout] 13 | use glutin::{Event, VirtualKeyCode};
[INFO] [stdout]    |              ^^^^^  ^^^^^^^^^^^^^^ no `VirtualKeyCode` in the root
[INFO] [stdout]    |              |
[INFO] [stdout]    |              no `Event` in the root
[INFO] [stdout]    |              help: a similar name exists in the module: `event`
[INFO] [stdout] 
[INFO] [stdout] 
[INFO] [stdout] error[E0432]: unresolved imports `glutin::Event`, `glutin::VirtualKeyCode`
[INFO] [stdout]   --> src/lib.rs:13:14
[INFO] [stdout]    |
[INFO] [stdout] 13 | use glutin::{Event, VirtualKeyCode};
[INFO] [stdout]    |              ^^^^^  ^^^^^^^^^^^^^^ no `VirtualKeyCode` in the root
[INFO] [stdout]    |              |
[INFO] [stdout]    |              no `Event` in the root
[INFO] [stdout]    |              help: a similar name exists in the module: `event`
[INFO] [stdout] 
[INFO] [stdout] 
[INFO] [stdout] error[E0432]: unresolved import `glium::index::TrianglesList`
[INFO] [stdout]  --> src/grid.rs:3:22
[INFO] [stdout]   |
[INFO] [stdout] 3 | use ::glium::index::{TrianglesList};
[INFO] [stdout]   |                      ^^^^^^^^^^^^^ no `TrianglesList` in `index`
[INFO] [stdout] 
[INFO] [stdout] 
[INFO] [stdout] error[E0432]: unresolved imports `nalgebra::PerspMat3`, `nalgebra::Mat4`, `nalgebra::Iso3`, `nalgebra::Rot3`, `nalgebra::Pnt3`, `nalgebra::Vec3`
[INFO] [stdout]  --> src/camera.rs:2:5
[INFO] [stdout]   |
[INFO] [stdout] 2 |     PerspMat3,
[INFO] [stdout]   |     ^^^^^^^^^ no `PerspMat3` in the root
[INFO] [stdout] 3 |     Mat4,
[INFO] [stdout]   |     ^^^^ no `Mat4` in the root
[INFO] [stdout] 4 |     Iso3,
[INFO] [stdout]   |     ^^^^ no `Iso3` in the root
[INFO] [stdout] 5 |     Rot3,
[INFO] [stdout]   |     ^^^^ no `Rot3` in the root
[INFO] [stdout] 6 |     Pnt3,
[INFO] [stdout]   |     ^^^^ no `Pnt3` in the root
[INFO] [stdout] 7 |     Vec3
[INFO] [stdout]   |     ^^^^ no `Vec3` in the root
[INFO] [stdout] 
[INFO] [stdout] 
[INFO] [stdout] error[E0432]: unresolved import `nalgebra::Vec3`
[INFO] [stdout]  --> src/iso_sphere.rs:4:18
[INFO] [stdout]   |
[INFO] [stdout] 4 | use ::nalgebra::{Vec3, Norm};
[INFO] [stdout]   |                  ^^^^ no `Vec3` in the root
[INFO] [stdout] 
[INFO] [stdout] 
[INFO] [stdout] error[E0432]: unresolved imports `nalgebra::Vec3`, `nalgebra::Mat4`, `nalgebra::Iso3`, `nalgebra::to_homogeneous`, `nalgebra::Transformation`, `nalgebra::RotationMatrix`
[INFO] [stdout]  --> src/lighting.rs:1:18
[INFO] [stdout]   |
[INFO] [stdout] 1 | use ::nalgebra::{Vec3, Mat4, Iso3, to_homogeneous, Transformation, RotationMatrix};
[INFO] [stdout]   |                  ^^^^  ^^^^  ^^^^  ^^^^^^^^^^^^^^  ^^^^^^^^^^^^^^  ^^^^^^^^^^^^^^ no `RotationMatrix` in the root
[INFO] [stdout]   |                  |     |     |     |               |
[INFO] [stdout]   |                  |     |     |     |               no `Transformation` in the root
[INFO] [stdout]   |                  |     |     |     |               help: a similar name exists in the module: `Translation`
[INFO] [stdout]   |                  |     |     |     no `to_homogeneous` in the root
[INFO] [stdout]   |                  |     |     no `Iso3` in the root
[INFO] [stdout]   |                  |     no `Mat4` in the root
[INFO] [stdout]   |                  no `Vec3` in the root
[INFO] [stdout] 
[INFO] [stdout] 
[INFO] [stdout] error[E0432]: unresolved import `glium::index::TrianglesList`
[INFO] [stdout]  --> src/grid.rs:3:22
[INFO] [stdout]   |
[INFO] [stdout] 3 | use ::glium::index::{TrianglesList};
[INFO] [stdout]   |                      ^^^^^^^^^^^^^ no `TrianglesList` in `index`
[INFO] [stdout] 
[INFO] [stdout] 
[INFO] [stdout] error[E0432]: unresolved imports `nalgebra::PerspMat3`, `nalgebra::Mat4`, `nalgebra::Iso3`, `nalgebra::Rot3`, `nalgebra::Pnt3`, `nalgebra::Vec3`
[INFO] [stdout]  --> src/camera.rs:2:5
[INFO] [stdout]   |
[INFO] [stdout] 2 |     PerspMat3,
[INFO] [stdout]   |     ^^^^^^^^^ no `PerspMat3` in the root
[INFO] [stdout] 3 |     Mat4,
[INFO] [stdout]   |     ^^^^ no `Mat4` in the root
[INFO] [stdout] 4 |     Iso3,
[INFO] [stdout]   |     ^^^^ no `Iso3` in the root
[INFO] [stdout] 5 |     Rot3,
[INFO] [stdout]   |     ^^^^ no `Rot3` in the root
[INFO] [stdout] 6 |     Pnt3,
[INFO] [stdout]   |     ^^^^ no `Pnt3` in the root
[INFO] [stdout] 7 |     Vec3
[INFO] [stdout]   |     ^^^^ no `Vec3` in the root
[INFO] [stdout] 
[INFO] [stdout] 
[INFO] [stdout] error[E0432]: unresolved import `nalgebra::Vec3`
[INFO] [stdout]  --> src/iso_sphere.rs:4:18
[INFO] [stdout]   |
[INFO] [stdout] 4 | use ::nalgebra::{Vec3, Norm};
[INFO] [stdout]   |                  ^^^^ no `Vec3` in the root
[INFO] [stdout] 
[INFO] [stdout] 
[INFO] [stdout] error[E0432]: unresolved imports `nalgebra::Vec3`, `nalgebra::Mat4`, `nalgebra::Iso3`, `nalgebra::to_homogeneous`, `nalgebra::Transformation`, `nalgebra::RotationMatrix`
[INFO] [stdout]  --> src/lighting.rs:1:18
[INFO] [stdout]   |
[INFO] [stdout] 1 | use ::nalgebra::{Vec3, Mat4, Iso3, to_homogeneous, Transformation, RotationMatrix};
[INFO] [stdout]   |                  ^^^^  ^^^^  ^^^^  ^^^^^^^^^^^^^^  ^^^^^^^^^^^^^^  ^^^^^^^^^^^^^^ no `RotationMatrix` in the root
[INFO] [stdout]   |                  |     |     |     |               |
[INFO] [stdout]   |                  |     |     |     |               no `Transformation` in the root
[INFO] [stdout]   |                  |     |     |     |               help: a similar name exists in the module: `Translation`
[INFO] [stdout]   |                  |     |     |     no `to_homogeneous` in the root
[INFO] [stdout]   |                  |     |     no `Iso3` in the root
[INFO] [stdout]   |                  |     no `Mat4` in the root
[INFO] [stdout]   |                  no `Vec3` in the root
[INFO] [stdout] 
[INFO] [stdout] 
[INFO] [stdout] error[E0433]: failed to resolve: could not find `ElementState` in `glutin`
[INFO] [stdout]    --> src/lib.rs:110:48
[INFO] [stdout]     |
[INFO] [stdout] 110 |                 let pressed = state == glutin::ElementState::Pressed;
[INFO] [stdout]     |                                                ^^^^^^^^^^^^ could not find `ElementState` in `glutin`
[INFO] [stdout] 
[INFO] [stdout] 
[INFO] [stdout] error[E0425]: cannot find function `to_homogeneous` in crate `nalgebra`
[INFO] [stdout]   --> src/camera.rs:37:21
[INFO] [stdout]    |
[INFO] [stdout] 37 |         ::nalgebra::to_homogeneous(&self.get_view_transform())
[INFO] [stdout]    |                     ^^^^^^^^^^^^^^ not found in `nalgebra`
[INFO] [stdout] 
[INFO] [stdout] 
[INFO] [stdout] error[E0425]: cannot find function `inv` in crate `nalgebra`
[INFO] [stdout]    --> src/camera.rs:48:21
[INFO] [stdout]     |
[INFO] [stdout] 48  |           ::nalgebra::inv(&view).unwrap()
[INFO] [stdout]     |                       ^^^ help: a function with a similar name exists: `inf`
[INFO] [stdout]     | 
[INFO] [stdout]    ::: /opt/rustwide/cargo-home/registry/src/github.com-1ecc6299db9ec823/nalgebra-0.22.0/src/lib.rs:261:1
[INFO] [stdout]     |
[INFO] [stdout] 261 | / pub fn inf<N, R: Dim, C: Dim>(a: &MatrixMN<N, R, C>, b: &MatrixMN<N, R, C>) -> MatrixMN<N, R, C>
[INFO] [stdout] 262 | | where
[INFO] [stdout] 263 | |     N: Scalar + SimdPartialOrd,
[INFO] [stdout] 264 | |     DefaultAllocator: Allocator<N, R, C>,
[INFO] [stdout] 265 | | {
[INFO] [stdout] 266 | |     a.inf(b)
[INFO] [stdout] 267 | | }
[INFO] [stdout]     | |_- similarly named function `inf` defined here
[INFO] [stdout] 
[INFO] [stdout] 
[INFO] [stdout] error[E0433]: failed to resolve: could not find `ElementState` in `glutin`
[INFO] [stdout]    --> src/lib.rs:110:48
[INFO] [stdout]     |
[INFO] [stdout] 110 |                 let pressed = state == glutin::ElementState::Pressed;
[INFO] [stdout]     |                                                ^^^^^^^^^^^^ could not find `ElementState` in `glutin`
[INFO] [stdout] 
[INFO] [stdout] 
[INFO] [stdout] warning: unused import: `Norm`
[INFO] [stdout]  --> src/iso_sphere.rs:4:24
[INFO] [stdout]   |
[INFO] [stdout] 4 | use ::nalgebra::{Vec3, Norm};
[INFO] [stdout]   |                        ^^^^
[INFO] [stdout]   |
[INFO] [stdout]   = note: `#[warn(unused_imports)]` on by default
[INFO] [stdout] 
[INFO] [stdout] 
[INFO] [stdout] error[E0425]: cannot find function `to_homogeneous` in crate `nalgebra`
[INFO] [stdout]   --> src/camera.rs:37:21
[INFO] [stdout]    |
[INFO] [stdout] 37 |         ::nalgebra::to_homogeneous(&self.get_view_transform())
[INFO] [stdout]    |                     ^^^^^^^^^^^^^^ not found in `nalgebra`
[INFO] [stdout] 
[INFO] [stdout] 
[INFO] [stdout] error[E0425]: cannot find function `inv` in crate `nalgebra`
[INFO] [stdout]    --> src/camera.rs:48:21
[INFO] [stdout]     |
[INFO] [stdout] 48  |           ::nalgebra::inv(&view).unwrap()
[INFO] [stdout]     |                       ^^^ help: a function with a similar name exists: `inf`
[INFO] [stdout]     | 
[INFO] [stdout]    ::: /opt/rustwide/cargo-home/registry/src/github.com-1ecc6299db9ec823/nalgebra-0.22.0/src/lib.rs:261:1
[INFO] [stdout]     |
[INFO] [stdout] 261 | / pub fn inf<N, R: Dim, C: Dim>(a: &MatrixMN<N, R, C>, b: &MatrixMN<N, R, C>) -> MatrixMN<N, R, C>
[INFO] [stdout] 262 | | where
[INFO] [stdout] 263 | |     N: Scalar + SimdPartialOrd,
[INFO] [stdout] 264 | |     DefaultAllocator: Allocator<N, R, C>,
[INFO] [stdout] 265 | | {
[INFO] [stdout] 266 | |     a.inf(b)
[INFO] [stdout] 267 | | }
[INFO] [stdout]     | |_- similarly named function `inf` defined here
[INFO] [stdout] 
[INFO] [stdout] 
[INFO] [stdout] warning: unused import: `Norm`
[INFO] [stdout]  --> src/iso_sphere.rs:4:24
[INFO] [stdout]   |
[INFO] [stdout] 4 | use ::nalgebra::{Vec3, Norm};
[INFO] [stdout]   |                        ^^^^
[INFO] [stdout]   |
[INFO] [stdout]   = note: `#[warn(unused_imports)]` on by default
[INFO] [stdout] 
[INFO] [stdout] 
[INFO] [stdout] error[E0107]: wrong number of type arguments: expected 1, found 0
[INFO] [stdout]   --> src/lib.rs:42:12
[INFO] [stdout]    |
[INFO] [stdout] 42 |     Buffer(IndexBuffer)
[INFO] [stdout]    |            ^^^^^^^^^^^ expected 1 type argument
[INFO] [stdout] 
[INFO] [stdout] 
[INFO] [stdout] error: aborting due to 9 previous errors; 1 warning emitted
[INFO] [stdout] 
[INFO] [stdout] 
[INFO] [stdout] Some errors have detailed explanations: E0107, E0425, E0432, E0433.
[INFO] [stdout] 
[INFO] [stdout] For more information about an error, try `rustc --explain E0107`.
[INFO] [stdout] 
[INFO] [stderr] error: could not compile `glCookbook`.
[INFO] [stdout] error[E0107]: wrong number of type arguments: expected 1, found 0
[INFO] [stdout]   --> src/lib.rs:42:12
[INFO] [stdout]    |
[INFO] [stdout] 42 |     Buffer(IndexBuffer)
[INFO] [stdout]    |            ^^^^^^^^^^^ expected 1 type argument
[INFO] [stdout] 
[INFO] [stdout] 
[INFO] [stderr] 
[INFO] [stderr] To learn more, run the command again with --verbose.
[INFO] [stderr] warning: build failed, waiting for other jobs to finish...
[INFO] [stdout] error: aborting due to 9 previous errors; 1 warning emitted
[INFO] [stdout] 
[INFO] [stdout] 
[INFO] [stdout] Some errors have detailed explanations: E0107, E0425, E0432, E0433.
[INFO] [stdout] 
[INFO] [stdout] For more information about an error, try `rustc --explain E0107`.
[INFO] [stdout] 
[INFO] [stderr] error: build failed
[INFO] running `Command { std: "docker" "inspect" "77f4a10c62aad09f5e62793e5bb97c3e0b68739e14b164bc381ab692ee61fb59", kill_on_drop: false }`
[INFO] running `Command { std: "docker" "rm" "-f" "77f4a10c62aad09f5e62793e5bb97c3e0b68739e14b164bc381ab692ee61fb59", kill_on_drop: false }`
[INFO] [stdout] 77f4a10c62aad09f5e62793e5bb97c3e0b68739e14b164bc381ab692ee61fb59
